g)?
-3
Let x be (-276)/28 - (-1)/(-7). Let p(s) = -s**3 - 9*s**2 + 9*s - 3. Calculate p(x).
7
Let c(i) = -9*i**2 + i - 4. Let z(o) = 7*o**2 - 2*o + 3. Let r(y) = -4*c(y) - 5*z(y). Give r(-5).
-4
Let f(k) be the third derivative of k**8/2016 + k**6/720 + k**5/15 - 4*k**2. Let n(i) be the third derivative of f(i). What is n(-1)?
11
Let v(f) = -7*f + 1. Suppose 15 = -2*d - 5*a + 6*a, 4*a = -5*d - 31. Give v(d).
50
Let h(k) = 5*k**3 - 2*k**2 - 2*k + 3. Let s(a) = 6*a**3 - 2*a**2 - 2*a + 4. Let m(n) = 5*h(n) - 4*s(n). Let r(g) = g**3 - 4*g**2 + 2. Let y be r(4). Give m(y).
-5
Let d(u) = -u - 4 - 6 + 4. Let v(l) = l**2 + 4*l - 12. Let i be v(-6). Suppose m + 3*q - 3 = i, 5*m = q + q - 36. Determine d(m).
0
Let y(m) = -m**3 - 6*m**2 - 4*m + 6. Let w = -21 - -25. Let k be 7/14 - (-6)/w. Suppose 0 = -k*t - t + 4*q + 5, 0 = 2*t + 5*q + 35. Calculate y(t).
1
Suppose 5*s + 3*k = 2, -4*s + 7*k - 11*k = 0. Let f(l) = 8*l**3 + 1. Determine f(s).
9
Let j(f) = -2*f - 2*f**3 + 5*f**2 - 3 + 7 - 2*f. Let n(q) = -q**3 - q**2 + q - 1. Let i be -6*(2/8)/((-27)/72). Let s(o) = i*n(o) + j(o). Give s(-1).
7
Let m(p) = p**3 + 3*p**2 + 2*p - 1. Let c(h) = 3*h**3 + 2*h**2 - 3*h - 4. Let o be c(-1). What is m(o)?
-1
Suppose 0*m + 2*m = -2*f - 8, 0 = -m - 2*f - 8. Let s be (2/4*m)/(-3 - -5). Let p(k) = -k + 24. Calculate p(s).
24
Suppose 4 = a - 3*u, 40*a = 36*a + u - 6. Let q(o) = -o**2 + o + 1. Give q(a).
-5
Suppose 22*l = 19*l - 51. Let o = l + 18. Let y(s) = 11*s. Give y(o).
11
Let o(m) = -13*m**3 + 12*m**2 + m + 8. Let h(r) = 9*r**3 - 8*r**2 - r - 6. Let c(d) = -7*h(d) - 5*o(d). Give c(3).
26
Let m(a) be the third derivative of a**5/60 - 5*a**4/24 - a**3/2 - 498*a**2. Suppose -5*t + 25 = -5. What is m(t)?
3
Let c(a) be the second derivative of 4/3*a**3 + 4*a + 3*a**2 + 0 + 1/12*a**4. Calculate c(-6).
-6
Let u(j) = 2*j + 7. Suppose 18 = 24*z - 22*z. Suppose 2*y - z*y - 49 = 0. Give u(y).
-7
Let s(u) = -u**2 - 10*u - 16. Let t be s(-8). Let c(x) = x**2 - 6. Calculate c(t).
-6
Suppose 87*h + 47 = 134*h. Let j(b) = -b - 3. Determine j(h).
-4
Let h(m) = 9*m - 9. Let k(c) = 7*c - 2 + 2 - 8*c + 1. Let s(r) = 3*h(r) + 24*k(r). Suppose 4 = j + 2. Determine s(j).
3
Let z(m) = -5*m + 3. Let u(p) = p + 1. Let b(w) = -4*u(w) - z(w). Give b(11).
4
Let s(d) be the first derivative of d**2/2 - 46*d - 49. Determine s(0).
-46
Let h(f) = 3*f**3 + 4*f**2 + 2*f - 1. Suppose x + 6 = 3*v, -2*x - 2*x + v + 20 = 0. Let m be ((-2)/x + 2)*3. Let t be (2/m)/((-8)/40). What is h(t)?
-13
Let d(a) = 2*a**2 - a**3 + a**2 + 5*a - a**2 - 4 + 1. Suppose 0 = p - 2*p + 3. Determine d(p).
3
Let p(q) = q**2 - 6*q + 8. Suppose -g + c + 16 = -2*g, 2*g + c + 27 = 0. Suppose b + 12 = -5. Let v = g - b. Give p(v).
8
Let d(v) = 9*v**3 - 2*v - 1. Let h(b) = -8*b**3 - b**2 + 3*b + 2. Let o(w) = -3*d(w) - 2*h(w). Suppose -2 - 1 = -3*g. Give o(g).
-10
Let r(k) = 2*k**3 + k - 1. Let i(n) = -5*n**3 + 9*n**2 - 2*n + 7. Let s(h) = -i(h) - 3*r(h). Give s(-9).
5
Let h(j) = j**3 + 9*j**2 + j + 11. Let o(q) = 6*q - 21. Let b be o(8). Suppose 0 = -10*w + 13*w + b. Calculate h(w).
2
Let z(t) = -t**2 - 45 + 11*t + 43 - 4*t. Give z(5).
8
Let i be -3 - -1 - (4/(-1) - 0). Let z(v) = 10*v**2 - 14*v + 9. Let p(h) = -3*h**2 + 5*h - 3. Let n(x) = i*z(x) + 7*p(x). Calculate n(7).
-3
Let h(y) = -y**2 - 4*y - 1. Let t be h(-3). Let a = -14 + 18. Let n(o) = t + a*o - 5*o + o**2 - 8. Calculate n(0).
-6
Let m = 343 - 343. Let q(z) = z**2 - 7*z + 8. Let w be q(6). Suppose n + w = -m*n. Let o(g) = 2*g**3 + 3*g**2 - 2. Determine o(n).
-6
Let m(o) be the second derivative of o**4/24 + o**3/3 - 3*o**2/2 + 16*o. Let z(a) be the first derivative of m(a). Suppose 2*y - 7*y = 10. What is z(y)?
0
Let x = 7 - 2. Let o(i) = 4*i**3 + 107*i - 10*i**2 - 206*i + 100*i + 3 + 2*i**2. Let b(a) = -a**3 + a**2. Let t(g) = x*b(g) + o(g). What is t(-3)?
0
Let g(q) = -q**2 - 4*q - 3. Suppose 3*z - 38 = -44. Calculate g(z).
1
Let g(j) = j**3 - 2*j**2 - 2*j + 2. Let t be g(3). Suppose -t*d = -2*d - 15. Let a(m) = 8*m - 1. Let x(u) = -11*u + 1. Let q(i) = 4*a(i) + 3*x(i). What is q(d)?
-6
Let p(k) = -15*k**3 + 4 - 3 - 3 + k + 14*k**3 + 2*k**2. Let h(u) = 4*u**2 + 3*u + 2. Let j be h(-4). Let s be (-2)/(-3)*j/12. Determine p(s).
-8
Let v(t) = t**2 - 12*t + 15. Let z(f) = -f**3 - 6*f**2 + 4*f + 9. Let o be z(-7). Suppose -2*u - 8 = -o. Determine v(u).
4
Let t(z) = -z**3 - 3*z**2 - 7*z + 16. Let s(h) = -2*h**3 - 5*h**2 - 13*h + 30. Let x(c) = -6*s(c) + 11*t(c). Determine x(3).
-1
Suppose 6*b - 5*b - 14 = 4*v, -5*b - 4*v = -70. Let r = b + -14. Let k(d) = d**2. Give k(r).
0
Let y be (-2)/1 - 15*1/3. Let w(r) = -r**2 - 3*r + 2. Determine w(y).
-26
Let r(h) be the first derivative of -h**4/4 - h**3/3 + 3*h**2/2 - 3*h + 347. Determine r(2).
-9
Suppose 0 = -3*g + 1 - 19. Let x(h) be the second derivative of 7/6*h**3 + 0 + 9/2*h**2 + 1/12*h**4 - 9*h. What is x(g)?
3
Let w be (-9)/12 - ((-14)/8 + 1). Let v = -5 + 11. Let k(s) = 4 - s + v*s + w*s**2 + s**2. Give k(-4).
0
Suppose -20*d - 228 + 28 = 0. Let l(b) = 4*b + 22. Determine l(d).
-18
Let j(h) = -4*h**2 + 3*h + 29. Let l(w) = -w**2 - w + 5. Let m(z) = -j(z) + 3*l(z). What is m(7)?
-7
Suppose -2128*z = -2131*z + 9. Let f(u) = -3 + 4 + 2 + u. Give f(z).
6
Let g(q) = -3*q**2 + 17*q - 1. Let x(p) = -2*p**2 + 14*p - 2. Let a(c) = 3*g(c) - 4*x(c). Let m(u) = -u**3 + 2*u**2 - 2*u - 1. Let y be m(2). Determine a(y).
5
Let p be 1/(5/(-50)*5). Let w(a) = a**3 + 1 - a + 0*a**2 + 0*a**2. What is w(p)?
-5
Let o(r) = 17*r + 26. Let f(s) = -4*s - 7. Let d(g) = 9*f(g) + 2*o(g). Determine d(-7).
3
Let n(f) = -14*f**3 + 2*f + 1. Let o(u) = u**2 - 2. Let t be o(2). Let b(z) = -4*z + 7. Let x be b(t). What is n(x)?
13
Let y = 2 + -3. Let s(m) be the third derivative of -7*m**4/24 + m**3/6 + m**2 + 434*m. Give s(y).
8
Let s be (-14)/112*(-28)/3. Let h(r) be the third derivative of 0*r + 0 - 1/12*r**4 - s*r**3 - 2*r**2. What is h(-5)?
3
Let t(a) = 4*a - 1. Let x(s) = -11*s - 15. Let i(u) = 2*t(u) + x(u). Give i(-6).
1
Let q(w) be the third derivative of -w**9/60480 - w**8/6720 - 17*w**5/60 + 39*w**2. Let u(p) be the third derivative of q(p). What is u(-4)?
16
Suppose -2*n + 5*r - 143 = 2*n, -2*n = -4*r + 70. Let d = 35 + n. Let m(u) be the first derivative of 7*u**2/2 + 2*u + 4. What is m(d)?
-12
Let x(j) = -j**3 - 11*j**2 + 13*j + 14. Let n be x(-12). Let v(r) = 0*r - 7 - 1 + n*r + 0. What is v(7)?
6
Let j(o) be the first derivative of 7*o + 5/3*o**3 - 6 + 1/2*o**2. Let q(c) = 4*c**2 + 7. Let a(f) = -5*j(f) + 6*q(f). Calculate a(-6).
1
Let h(g) be the second derivative of -g**5/60 - 5*g**4/12 - g**3/2 - 55*g. Let b(s) be the second derivative of h(s). Calculate b(-8).
6
Let g be 5 - ((-4 - -6) + 1). Let q(p) = 9 - 3*p + 3*p - p**2 - 4*p - g. Determine q(-6).
-5
Let p be (-2 - -20)*4/8. Let n be (2 - 3)*(p + -4 + -7). Let l(j) be the second derivative of -5*j**3/6 - j**2/2 + j. Calculate l(n).
-11
Let j(x) = -x**2 - 23*x - 22. Suppose 19*q - 46 = -464. Determine j(q).
0
Suppose -3*h + 23 = 2*x, 5*h = 5*x + 60 - 5. Let q be (258/(-54) - 0) + (-2)/h. Let g(u) = -u**2 - 4*u + 5. What is g(q)?
0
Let v(y) = -5*y**3 - 3*y**2 + 5*y + 3. Suppose -104*n + 96*n = 32. Let h(l) = 11*l**3 + 6*l**2 - 11*l - 6. Let b(z) = n*h(z) - 9*v(z). Determine b(-3).
0
Suppose 2*r - 11 = h, 4*r - h + 5*h = 28. Let z(d) = 0 - r*d**2 + 1 - 4*d + 5*d**2. Give z(-6).
-11
Let l(r) = 12*r - 2. Suppose 11*f = 14*f - 9. Calculate l(f).
34
Let g be (-2)/(-4)*-2 - -2. Suppose -3 = -2*v + g. Suppose v*n = -n. Let o(d) = d - 5. Determine o(n).
-5
Let m(s) = -3*s**2 - 3*s + 1. Let d(o) = -3*o**3 + o**2 - 2. Let u be d(-1). Determine m(u).
-17
Let w(h) = 4*h - 4. Suppose -2*m + 4*s = s - 314, -3*s = 5*m - 785. Suppose -4 = m*t - 156*t. Give w(t).
-20
Let w(j) = -j**3 - 5*j**2 + 7*j + 2. Suppose 174 = -13*r - 16*r. Give w(r).
-4
Suppose v - 2 = -6. Let g = -10 - v. Let t(m) = -4 - 4 + 5*m + 5 + m**2. Give t(g).
3
Let x = -397 + 395. Let q(r) be the third derivative of -r**6/240 - r**5/60 - r**4/12 + 2*r**2. Let l(p) be the second derivative of q(p). What is l(x)?
4
Let w(j) = -j**3 - j**2. Suppose -6 = h - 4. Let i be w(h). Let d(l) be the third derivative of l**4/8 + 16*l**2 - 4. Calculate d(i).
12
Let q(x) be the first derivative of -x**2/2 - 5*x - 117. Calculate q(1).
-6
Let h